0 - (0 + 0 + (2 - -1)).
-3
What is 9 - (4 + -2) - (-1 - -5)?
3
What is (3 - 0) + 0 + -2?
1
What is 5 - 12 - (-3 + -14 + 0)?
10
3 - (-3 + 8) - (3 - 9)
4
-1 - (2 + 0 + 4 + -5)
-2
What is the value of 18 - (10 - 1) - -2?
11
Evaluate (7 + -5 + 1 - 0) + -5.
-2
(5 + (-7 - -4) - 1) + 1
2
0 + (-5 - 1 - -9)
3
-10 + (8 - 0) - 8
-10
What is 11 + -7 - (0 + 1)?
3
What is (17 - (-5 + 15)) + (-5 - -2)?
4
What is (3 - 8) + 4 - (-1 + 3)?
-3
What is 8 + (-20 - -12) + -3 + 1?
-2
What is the value of 1 - (5 - (3 - 2))?
-3
(-39 + 37 - (1 - 0)) + -6
-9
1 + (5 - (-4 - -11))
-1
Calculate 1 - ((-3 - -14) + -7).
-3
Calculate (-9 - (-11 - -3)) + 0 + -2.
-3
What is -10 + 1 + (-1 - -5) + 0?
-5
What is -8 - (1 - (7 - -2))?
0
What is 9 - (-6 + 14 + (1 - 2))?
2
What is the value of 0 + 0 + 2 - (-238 + 247)?
-7
What is 11 - 5 - 4 - -3?
5
-14 - (-8 + (9 - 10))
-5
What is (5 - 6 - -7) + -5?
1
5 - ((-7 - -4) + 14 + 0)
-6
What is the value of 2 - 6 - -4 - 3?
-3
What is 2 + (3 - 8) - (3 + 0)?
-6
What is (-4 - 0) + 8 + (15 - 17)?
2
Evaluate 2 - (-4 - -1) - (43 + -32).
-6
Evaluate 17 + -18 + 3 + (1 - 1).
2
What is -6 - (-5 - ((-4 - -6) + -5))?
-4
Evaluate 4 - 5 - (0 - 4) - 8.
-5
-11 + 7 + 10 + -5 + 4
5
What is the value of -19 - -14 - (-2 - (0 + -1))?
-4
(-11 - 3) + (2 - -9)
-3
Calculate (-4 - -1) + -2 + (0 - 0).
-5
What is the value of (-5 - -1) + (28 - 34)?
-10
What is the value of -4 + (-3 - -6) + 0 - -4?
3
-2 + -1 - (-40 - -38)
-1
What is the value of -6 + -8 + 5 + 8?
-1
Calculate -3 - (-8 - (-1 - 8)).
-4
What is (15 - 16) + 2 + 1?
2
Calculate -7 + (-4 - (-5 - -3)) + 4.
-5
12 + -9 - (2 - -1)
0
(-73 - -71) + 9 + 0
7
What is the value of 3 + 0 + (-3 - -7)?
7
Calculate -9 - (-8 - (0 + -8 + 6)).
-3
Calculate 6 + -4 - (-1 + 3).
0
What is (0 - 6 - -1) + (2 - -2)?
-1
Evaluate 1 + 0 + -5 + -11 + 10.
-5
Evaluate 12 + -9 - (-2 + 4).
1
What is the value of 4 + -1 + (-10 - -10)?
3
Calculate (-5 + 2 - (-5 - 1)) + -7.
-4
Calculate 2 + -6 + 3 + (-2 - -4).
1
What is (2 - 1 - -9) + -4?
6
Evaluate 51 + -65 + (20 - 2).
4
What is the value of -6 - -12 - (-3 - -2)?
7
Evaluate (-3 - 3) + 4 + 8.
6
What is (0 - 3) + 0 + -5 + 8?
0
What is 3 + 0 - (1 - -2)?
0
-1 - -7 - (8 - (-13 + 19))
4
What is 10 + (-21 + 15 - (-4 + 0))?
8
-11 + -4 + 10 - 0
-5
Evaluate -8 + 10 - (4 - -1).
-3
-1 - (6 + (-4 - -10) + -9)
-4
Calculate 5 - ((-23 - -30) + (3 - 2)).
-3
What is -4 + -2 + 3 - -9?
6
What is the value of (6 - 16) + (8 - 3)?
-5
What is the value of -7 + 1 + 2 + 10?
6
Evaluate -6 - (-15 + 3) - (-4 + 6).
4
Evaluate -3 + 6 + 4 - 3.
4
Calculate 6 + (0 - -2 - 5).
3
-2 + (8 + -4 - 3)
-1
What is -8 - (1 + 0 - 4) - -1?
-4
Evaluate -3 - (-6 - 2) - 10.
-5
Evaluate -2 + 5 - (4 + (2 - 7)).
4
5 - ((-3 - -5) + -3)
6
Calculate (3 - 0 - (-16 - -14)) + -5.
0
What is the value of (-3 + 3 + 7 - 1) + -3?
3
Calculate -4 - -2 - 7 - -6.
-3
10 + (0 - 8 - -4) + -2
4
(1 - -9) + -4 + 0 + 2
8
-4 + (0 + 5 - -3)
4
Evaluate 2 + -3 + (-5 - (-10 - -5)).
-1
Evaluate 1 + 0 - (-11 + 2 - -14).
-4
Evaluate 5 + (-3 - (-1 + -6 + 5)).
4
Evaluate (5 - 6) + (0 + 3 - 1).
1
Evaluate (0 - -1) + -1 + 0.
0
-140 - -131 - (1 - 3)
-7
Calculate 3 + 4 + -11 + 0 - 0.
-4
2 - -1 - (0 - -5)
-2
What is -11 - (-17 + -1) - (2 + -2)?
7
Evaluate 1 + -4 + (-2 - -1).
-4
(6 - 11 - -1) + -1 + 0
-5
What is the value of (2 - 2 - (2 + -5)) + -1?
2
Calculate 6 + (1 - 10) + 5.
2
(8 - 2 - 1) + -1 - 4
0
(-24 - -5) + 8 - -18
7
What is the value of -2 - (14 + -9 - (10 - 3))?
0
(-4 - 2) + 11 - (1 - 0)
4
Evaluate -2 + 6 + 2 + -14.
-8
What is the value of (3 + -7 - -3) + 1 + 0?
0
73 - 73 - (11 - 1)
-10
What is the value of 10 + -2 + -3 + -1?
4
What is -6 + 1 + 5 - 1?
-1
-10 + (-3 - -1 - -9)
-3
Evaluate -3 + -1 + (0 - -2) + 7.
5
Evaluate -1 + 1 - (-1 + -4 - -1).
4
What is the value of 5 + -2 + 0 + -9 - -6?
0
Evaluate 9 + (-9 + 4 - 11).
-7
2 - 15 - -13 - (-6 + 2)
4
Evaluate (-9 + 1 - (20 - 33)) + -2.
3
Evaluate (-5 - -1) + (-5 - (8 + -11)).
-6
Evaluate (10 - 3) + 5 - 15.
-3
Evaluate (-21 - -12) + (5 - (3 + -1)).
-6
Calculate (1 - -8) + -13 + (5 - 0).
1
Evaluate -2 + 2 + -1 + -1 - 3.
-5
4 - (3 + 1 - (-26 - -25))
-1
What is 14 + (-1 - -5 - 11)?
7
Calculate 2 - (7 + -13 + 1).
7
Evaluate 4 - -2 - (-2 + 1 + 3).
4
What is the value of -10 + 9 + (-2 - 1 - -1)?
-3
What is the value of (5 - (0 + 0)) + -1 - 2?
2
2 + 3 - 0 - (11 + -9)
3
(1 - 0) + 6 + -5
2
What is -1 + (-3 - -3) + 3?
2
What is -4 + (-2 - -7) + 3 + -6?
-2
16 + -2 + -3 + -8
3
Evaluate -5 + -5 + 2 - -2.
-6
Calculate 4 - 9 - (-4 - -2).
-3
Calculate 0 + -4 - -2 - 0.
-2
What is the value of (-6 + 3 - 0) + -2?
-5
Calculate -1 + (6 - (7 + 2)).
-4
Evaluate 1 + -7 + -1 + 3.
-4
Evaluate -11 + 16 + 0 + 0.
5
What is the value of 2 + -2 + -1 + -1?
-2
Evaluate -5 - ((15 - 10) + -10).
0
What is the value of 1 + 0 - (-5 - -4)?
2
What is the value of -7 + (4 - (-3 - -4))?
-4
What is -8 - (1 + -11 - -1)?
1
(-6 - (-2 - 4)) + 0
0
Evaluate (2 - (7 + 1)) + 7 + 7.
8
What is 6 + -5 - 3 - (-15 - -7)?
6
-33 - -48 - (2 + 23)
-10
Evaluate (2 - 9) + 13 + -5.
1
What is the value of 0 + 7 + (14 - 20)?
1
-4 + (-5 - 4) + 12
-1
What is -8 + 13 - (4 - 0)?
1
Evaluate -3 + (-4 - -3) + 0 + 7.
3
Calculate (5 + 9 - 7 - -2) + 0.
9
Calculate -3 - -8 - -3 - (-2 + 5).
5
What is the value of -4 - (-42 + 42 + (-4 - 0))?
0
(-1 - 3) + (50 - 50)
-4
What is the value of -11 + (7 - (-2 - -7))?
-9
What is the value of -2 - (-5 - -5) - (0 - -3)?
-5
Calculate -2 + (8 - 12 - 0).
-6
Evaluate -17 + 6 + 5 - -5.
-1
-7 + 6 + 2 + -1 + -3
-3
6 + (-3 - 1) + 1
3
7 - (4 - 6) - 17
-8
What is (0 - 7) + (0 - -12) + -6?
-1
Calculate 7 - 1 - (3 + -2).
5
Calculate -3 - (-1 + -1 + 2 + -3).
0
Evaluate -5 - -2 - (-14 + 5 - -8).
-2
Calculate 2 - (9 - -1 - 7).
-1
Calculate 1 - (0 + 0 + -3).
4
What is the value of 1 + 0 - (1 + -3 + 0)?
3
Evaluate (-3 - -1 - (1 + 2)) + 10.
5
Evaluate 0 - (5 - (12 + -12)).
-5
0 - (-3 + (-3 - -1)) - 6
-1
-5 + 14 - (7 + 2 - 7)
7
Evaluate (-4 - (1 + -2)) + -2.
-5
Calculate 0 - 13 - -3 - -6.
-4
Evaluate 0 + 8 + -5 + 0.
3
Calculate -1 - -3 - (11 + -8 - 1).
0
What is -8 - (-2 - 8 - 1)?
3
Evaluate 4 + 1 + -1 + -3.
1
What is -6 + 6 + 0 + -3?
-3
-2 + 10 - (51 - 39)
-4
Evaluate (-23 - -11) + 16 - 9.
-5
What is the value of -1 + 0 - 1 - (0 + -3)?
1
-8 - (5 - 21) - 5
3
What is 0 + (-3 - (-4 + 1))?
0
What is 3 + 0 + 4 + -6 + 5?
6
-2 - (-2 - 0 - 0)
0
Evaluate 15 + -8 - (-3 + 4 - -5).
1
What is -8 - ((-15 - -10) + 1 + 1)?
-5
Evaluate (0 - -2 - 0) + -5 + 7.
4
Calculate 1 + 1 + (0 - (-2 + 3)).
1
What is the value of (10 - (0 + 4)) + -10?
-4
Evaluate 8 - 3 - (-1 + 4).
2
What is -2 + -3 + 0 + 1 + 4?
0
Evaluate 11 - 8 - (4 + 2).
-3
-11 + -1 + 21 - 8
1
What is -2 + -8 + 12 + 5?
7
What is 7 + 2 + (4 - 8)?
5
What is the value of 3 - (5 + -1 + -2)?
1
(-33 - -40) + -6 + 0
1
What is 0 + (4 - 4) - (-1 + -1)?
2
Calculate (-3 - -5 - -1) + (7 - 7).
3
1 + 0 - (3 - (-5 + 9))
2
What is the value of -19 - -22 - ((-2 - -3) + 4)?
-2
Evaluate 3 + (1 + -6 - -6).
4
Calculate (14 - 10) + (0 - (0 - -1)).
3
-6 - (-11 + -10 + 19)
-4
What is the value of 4 + (3 - 3 - 1)?
3
Calculate -2 - (-4 + -3) - (0 - 2).
7
What is the value of -20 + 21 - (-2 + 1)?
2
3 + 8 + -1 + (20 - 25)
5
What is 0 + 14 + -10 + 0?
4
-16 - (-3 + -3) - (1 - 4)
-7
Evaluate -9 - (0 - 13) - 9.
-5
-2 - ((-4 - -1) + -3)
4
6 + -1 - (-10 - (-17 - 1))
-3
Calculate 4 + (6 + -7 - 3).
0
Evaluate -2 + -2 + (1 - 4) + 2.
-5
Evaluate 1 + -5 + 2 + 1.
-1
Evaluate (6 - -1) + 1 + 0 + -3.
5
What is (1 + 4 - 0) + -7 - 3?
-5
What is the value of -1 + -5 - (7 + -2 + -7)?
-4
Calculate -8 + (-3 - 0 - -3).
-8
What is 0 + (11 - 15) + 0?
-4
Calculate 6 - (9 + -14 - -13).
-2
What is the value of -2 + -8 + 9 - (0 - -2)?
-3
What is (-10 - -2) + -2 + 8?
-2
What is -2 - -1 - (-4 + 15 + -6)?
-6
What is 6 - ((-7 - -21) + (0 - 6))?
-2
Calculate -1 + -7 + 3 + 7 + -6.
-4
What is the value of -5 - (-5 - (5 - 10))?
-5
Calculate -4 + (3 - -7) + -5.
1
What is (-9 + (-1 - -6) - -2) + 1?
-1
What is the value of -3 + 10 + (-3 - -1)?
5
Calculate 1 + ((3 - 3) + -2 - 2).
-3
What is the value of (4 - -2) + -5 - -3?
4
What is the value of (2 - 5) + 20 + -16?
1
Evaluate 4 - ((3 - (1 + 1)) + 2).
1
What is 1 + -2 - (3 - (3 - -5))?
4
Calculate (1 - -2) + -1 + (-2 - 2).
-2
What is the value of (4 - (2 - 3 - -4)) + -1?
0
Calculate -2 + 0 - (1 - (-1 - 2)).
-6
Calculate 2 + 4 + -2 + 1.
5
Calculate -8 + 2 + 